 the highest common divisor of 1649 and 303901.
97
Calculate the greatest common divisor of 1231 and 34.
1
What is the greatest common divisor of 1527024 and 2320?
464
Calculate the greatest common factor of 551 and 1247.
29
Calculate the greatest common factor of 8 and 6602.
2
Calculate the highest common divisor of 2006 and 49855.
59
Calculate the highest common divisor of 8 and 242.
2
What is the greatest common divisor of 840 and 9072?
168
What is the greatest common divisor of 7600 and 9310?
190
Calculate the greatest common divisor of 13062 and 882.
42
Calculate the highest common divisor of 5841 and 10974.
177
Calculate the highest common factor of 77361 and 1605.
321
What is the highest common divisor of 36816 and 572?
52
What is the greatest common divisor of 570 and 304?
38
What is the greatest common divisor of 10 and 147590?
10
What is the highest common divisor of 6424 and 616?
88
Calculate the greatest common divisor of 751554 and 18.
18
What is the greatest common factor of 2 and 130498?
2
Calculate the highest common factor of 550 and 15455.
55
What is the highest common factor of 126 and 8163?
9
Calculate the highest common factor of 204 and 71094.
102
What is the greatest common divisor of 704119 and 39?
13
What is the greatest common divisor of 2544 and 1570284?
636
What is the greatest common factor of 538 and 2501162?
538
Calculate the highest common factor of 138 and 177882.
138
Calculate the greatest common factor of 9777195 and 90.
45
What is the highest common factor of 3260 and 320?
20
What is the highest common factor of 283755 and 585?
15
Calculate the greatest common divisor of 26234 and 351.
13
Calculate the highest common factor of 19096 and 16632.
616
Calculate the highest common divisor of 1715948 and 104.
52
What is the greatest common factor of 15 and 6115845?
15
What is the highest common divisor of 1541 and 898336?
67
What is the highest common factor of 228 and 25422?
114
Calculate the greatest common factor of 327 and 384225.
327
Calculate the highest common divisor of 102 and 9622.
34
Calculate the greatest common divisor of 270 and 1009170.
90
What is the greatest common factor of 34 and 441439?
17
What is the greatest common factor of 228 and 711398?
38
What is the greatest common factor of 586987 and 67?
67
What is the highest common factor of 90 and 74830?
10
Calculate the highest common factor of 13 and 4180241.
13
What is the highest common factor of 47982 and 2640?
66
What is the greatest common divisor of 18995 and 435?
145
Calculate the highest common factor of 440 and 2052.
4
What is the highest common factor of 131484 and 60?
12
Calculate the highest common divisor of 757 and 727477.
757
What is the highest common factor of 1632 and 18156?
204
Calculate the highest common factor of 3306 and 2784.
174
Calculate the greatest common divisor of 9 and 300006.
9
Calculate the greatest common factor of 390 and 4602.
78
What is the greatest common divisor of 49 and 61446?
49
What is the greatest common divisor of 37 and 5848849?
37
Calculate the greatest common factor of 96 and 3176.
8
Calculate the greatest common factor of 188 and 6286438.
94
Calculate the greatest common divisor of 28891 and 1169.
167
What is the highest common factor of 2916 and 3807?
81
What is the highest common divisor of 192 and 35202?
6
Calculate the highest common factor of 145 and 107735.
145
Calculate the highest common factor of 2770 and 1370.
10
What is the greatest common divisor of 8 and 835?
1
Calculate the greatest common divisor of 1016243 and 136.
17
Calculate the highest common divisor of 591 and 350069.
197
Calculate the greatest common factor of 14317 and 8479.
139
What is the greatest common factor of 1933676 and 8?
4
Calculate the highest common factor of 689280 and 112.
16
What is the greatest common factor of 602 and 7448?
14
Calculate the greatest common factor of 33 and 29821.
11
What is the highest common divisor of 128131 and 74?
37
Calculate the greatest common divisor of 1 and 383379.
1
Calculate the greatest common divisor of 22496 and 6068.
148
What is the greatest common factor of 306 and 2022?
6
Calculate the highest common divisor of 27533 and 341.
11
Calculate the greatest common factor of 6429 and 21.
3
What is the highest common factor of 76432 and 1405?
281
Calculate the highest common divisor of 108 and 54612.
36
What is the greatest common factor of 6478 and 5494?
82
Calculate the greatest common divisor of 639 and 29181.
213
What is the greatest common divisor of 1725880 and 195?
65
Calculate the highest common factor of 210611 and 207.
23
What is the highest common factor of 520075 and 142?
71
What is the greatest common divisor of 750 and 10434?
6
What is the greatest common factor of 159373 and 2427?
809
Calculate the greatest common factor of 4852416 and 1344.
192
Calculate the greatest common factor of 75 and 5975.
25
What is the greatest common divisor of 49265 and 14195?
835
Calculate the greatest common factor of 4970 and 274841.
497
Calculate the highest common divisor of 123240 and 5.
5
What is the greatest common factor of 34 and 11373?
17
Calculate the highest common divisor of 289 and 43.
1
Calculate the greatest common divisor of 3061800 and 1008.
504
What is the highest common divisor of 32200 and 168?
56
Calculate the greatest common factor of 50 and 344750.
50
Calculate the highest common divisor of 63 and 5961.
3
What is the highest common divisor of 1900 and 825?
25
Calculate the greatest common factor of 530 and 5559965.
265
What is the greatest common divisor of 4941 and 4050?
81
What is the highest common divisor of 4 and 18302?
2
What is the greatest common divisor of 535 and 315008?
107
What is the greatest common factor of 23 and 94093?
23
What is the greatest common factor of 78342 and 8?
2
What is the greatest common divisor of 21950 and 160?
10
Calculate the highest common divisor of 192 and 48352.
32
Calculate the highest common divisor of 5251067 and 1718.
859
Calculate the greatest common divisor of 223083 and 63.
63
What is the highest common factor of 501 and 2296083?
501
What is the greatest common divisor of 1528 and 223661?
191
What is the highest common divisor of 23058 and 1037?
61
What is the highest common divisor of 46098 and 1287?
117
Calculate the greatest common factor of 16906 and 5350.
214
What is the highest common divisor of 23883 and 798?
57
What is the greatest common factor of 1544 and 56?
8
What is the highest common factor of 2982 and 1917?
213
Calculate the greatest common factor of 131 and 15064214.
131
Calculate the highest common divisor of 276 and 487876.
92
What is the greatest common factor of 20290 and 10?
10
Calculate the greatest common factor of 153657 and 77.
7
What is the highest common factor of 13384 and 2?
2
What is the highest common factor of 194652 and 12?
12
What is the greatest common factor of 405 and 96183?
9
What is the greatest common factor of 76967 and 11?
11
What is the highest common divisor of 10 and 1791065?
5
What is the greatest common divisor of 56 and 1119832?
56
What is the highest common divisor of 600 and 4035?
15
What is the highest common divisor of 631359 and 82?
41
Calculate the highest common divisor of 564 and 156.
12
What is the highest common factor of 198 and 1101969?
99
Calculate the highest common divisor of 284792 and 1101.
367
What is the highest common divisor of 3185 and 7826?
91
What is the greatest common factor of 1 and 10408?
1
Calculate the greatest common factor of 166 and 15023.
83
What is the greatest common factor of 3075 and 2075?
25
Calculate the greatest common divisor of 553 and 7979.
79
Calculate the greatest common divisor of 475 and 1875.
25
What is the highest common factor of 69 and 36915?
69
Calculate the greatest common divisor of 23800 and 72352.
952
What is the greatest common divisor of 3087 and 144?
9
What is the highest common factor of 7661 and 141?
47
Calculate the greatest common divisor of 94449 and 3534.
57
Calculate the highest common divisor of 2691 and 1311.
69
What is the highest common divisor of 218948 and 8?
4
Calculate the highest common divisor of 1065 and 29685.
15
Calculate the highest common factor of 7538 and 8.
2
What is the highest commo